) is divided by 20?
9
Suppose -9740*b + 486 = -9734*b. Suppose 3*t + z = -2*t + 83, 10 = -5*z. What is the remainder when b is divided by t?
13
Suppose -40*m - 14*m = 18*m - 57960. Calculate the remainder when 823 is divided by m.
18
Let v be 6/((-36)/(-66)) + (-3 - -2). Let t(a) = a**3 - 10*a**2 + 17*a - 5. Calculate the remainder when t(v) is divided by 28.
25
Let r be 134/8 - ((-30)/(-8) - 3). Let t = r + -13. Let w(d) = -d**2 + 10. Calculate the remainder when w(0) is divided by t.
1
Let y(v) = -177*v - 1213. Suppose i - 9 = 3*i + 3*l, -4*l = i - 3. What is the remainder when 3*4*(-96)/i is divided by y(-7)?
24
Let z(p) = -p**3 + 8*p**2 + 47*p + 16. Let q be z(12). Calculate the remainder when 13/(5*q/460) is divided by 77.
68
Calculate the remainder when 366 is divided by (18/(-7))/(3 + 2850/(-945)).
42
Let i(p) = 4*p**2 - 40*p + 6. Calculate the remainder when 621 is divided by i(-3).
135
Let b = -11595 - -11663. Calculate the remainder when 15773 is divided by b.
65
Let f = -2944 + 3076. What is the remainder when f is divided by 10?
2
Suppose 0 = 5*h - 3*j - 54, -15*j + 16 = h - 13*j. Suppose 25 = m - 3*f, -10*m + h*m = 3*f + 47. What is the remainder when m is divided by 8?
6
Let i(j) = -12*j**2 - 10*j - 11. Let a be i(-3). Let s = a - -183. Calculate the remainder when s is divided by 25.
19
Let x(z) = 2805*z**3 - 2*z**2 + 35*z - 33. What is the remainder when x(1) is divided by 78?
75
Let a = 5 + -5. Suppose p - 127 = -g + 28, a = -5*g + 4*p + 766. Let t(z) = z**2 + 7*z - 5. What is the remainder when g is divided by t(4)?
37
Suppose 40*d - 1725 = 38*d + 3*x, -5*d + 4293 = -x. Let p = d - 840. What is the remainder when 269 is divided by p?
17
Let r(m) = -m**3 + 17*m**2 - m + 16. Let a be r(17). Let b = -46 + 68. What is the remainder when 1*1/(a/(3 + -62)) is divided by b?
15
Let u = -3018 - -3400. Calculate the remainder when u is divided by 131.
120
Calculate the remainder when ((-6)/96*668)/(1/(-4)) is divided by 43.
38
Let k(f) = -f**3 + f**2 + 88*f + 264. What is the remainder when 388 is divided by k(-3)?
28
Let f(p) = -p**2 + 7*p + 2. Let b be f(8). Let s be 4 + b - (-382)/2. Let u = s - 108. What is the remainder when u is divided by 12?
9
Let b(u) = -18*u - 14. Let y be b(-14). Suppose y*v = 239*v - 22. Calculate the remainder when 86 is divided by v.
20
Let t = -441 - -1270. What is the remainder when t is divided by 104?
101
Let c = 1679 - 1009. Suppose -34*k = -24*k - c. What is the remainder when k is divided by 7?
4
Suppose 3*d + f = -0*f + 2490, 5818 = 7*d + 5*f. What is the remainder when d is divided by 47?
30
Let m(j) be the second derivative of -7*j**3/6 - 27*j**2/2 + 3*j + 2. What is the remainder when 262 is divided by m(-5)?
6
Let k(j) = -j**2 + 24*j + 72. Let l be k(26). Suppose 0 = -31*g + l*g + 308. What is the remainder when 49 is divided by g?
21
Let v(n) = n**2 + 13*n - 40. Let h be v(-16). Suppose -h*p = -0*p - 56. Calculate the remainder when 25 is divided by p.
4
Let q(z) = -z**3 - 30*z**2 - 37*z - 11. Let l be q(-29). Let t = 225 - l. Calculate the remainder when 47 is divided by t.
3
Suppose 155*l + 248*l = 81*l + 49910. Calculate the remainder when 1133 is divided by l.
48
Let r be (1/(-2))/(-3 - (-174)/60). Suppose r*q - 28 = 3*s, 3*q = 4*s - 40 + 59. Calculate the remainder when 149 is divided by q.
4
Suppose 44 = -14*t + 3*t. Let q be (t + 672/(-35))/(1/(-5)). Let a = -86 + q. What is the remainder when 299 is divided by a?
29
Suppose -d + 4 + 3 = 2*n, -3*n - 4*d = -8. Suppose -5*y = -y - n. What is the remainder when y*-6*63/(-6) is divided by 13?
11
Let p be (9 - 1)/((-4)/8). Let h be (p/(-4) - 2) + 39. Let q = h + -7. Calculate the remainder when 133 is divided by q.
31
Let h(y) = y**3 + 5*y**2 - 9*y - 14. Let s be h(-6). Suppose s*a - 2*a = 514. Let c = a - 176. Calculate the remainder when c is divided by 17.
13
Let b(t) = -3*t - 26. Let g be b(-16). Let p(w) = 3 - 5*w + 0 - w**2 - 5 - g*w**3 + 2*w. Calculate the remainder when 86 is divided by p(-1).
20
Suppose 0 = -10*o + 29 + 11. Suppose 0 = 4*v - 5*r - 46, -6 + 16 = 2*v + o*r. What is the remainder when (85 - -1)*(-5)/(-10) is divided by v?
7
Let l = 28929 - 26549. Calculate the remainder when l is divided by 792.
4
Let d = 33 - 16. Suppose 3*t = -5*s + 4*s - 6, 5*t = -s - 6. Calculate the remainder when ((-1)/(3/s))/(1/16) is divided by d.
15
What is the remainder when 70 + -2 - ((-28)/(-6))/(80/(-120)) is divided by 2/(-4) + 23/2?
9
Let z = -493 - -588. Calculate the remainder when 172 is divided by z.
77
Let h(o) = -530*o + 1083. Let k(z) = -2*z**3 - 7*z**2 - z + 7. Let g be k(-5). Let y = 130 - g. What is the remainder when y is divided by h(2)?
20
Suppose -4*g + 159 = -g. Let b = 28067 - 27910. Calculate the remainder when b is divided by g.
51
Let c(d) = 3*d**3 - 15*d**2 + 2*d + 12. Let n = 1276 - 1242. What is the remainder when c(6) is divided by n?
30
Suppose 9*p = -4*x + 7*p + 30, 3*x - 2*p = 12. Calculate the remainder when ((-5222)/12)/(-7) - 1/x is divided by 9.
8
Let v be (8/12)/((-10)/3000). Suppose -5*d - 646 = -2446. Let c = d + v. What is the remainder when c is divided by 27?
25
Suppose 18*r - 11695 = -3667. Calculate the remainder when r is divided by 112.
110
Let c(q) = 14*q**2 - 14*q - 5. Let r be c(3). Let a = 86 - r. Let g(v) = 2*v**2 - v - 4. What is the remainder when g(3) is divided by a?
4
Let m = -24751 - -24875. Calculate the remainder when 987 is divided by m.
119
Suppose 15 = -9*g - 21. What is the remainder when 95 + 4 + (-8)/(g + 8) is divided by 27?
16
Let p = -1564 + 1043. Let k = -475 - p. What is the remainder when k is divided by (-47)/(-2) - 1/(-2)?
22
Let a = 17 - -135. Let p = a + -61. Calculate the remainder when p is divided by 23.
22
Let c(w) = w**3 - 5*w**2 - 55*w - 9. Let a be c(12). Suppose a = 7*x - 354. Calculate the remainder when x is divided by 34.
31
Let o = -11656 - -12256. Calculate the remainder when 634 is divided by o.
34
Let g = 201 + -182. Suppose g*f - 22*f = 5*c - 62, c + 5*f - 8 = 0. Calculate the remainder when 20 is divided by c.
7
Let j(w) = w - 5. Suppose 0 = -5*d + 34 + 31. Let p be j(d). Suppose -p*v + 129 = -119. What is the remainder when v is divided by 17?
14
Suppose -5*h = -12*s + 17*s - 80, 32 = 2*s - 2*h. What is the remainder when 50 is divided by s?
2
Calculate the remainder when ((-28)/112 - -4)/(3/380) is divided by 17.
16
Let x(r) = r**3 - 19*r**2 + 52*r - 40. Let j be x(16). Suppose 0 = j*g + 244 - 1780. What is the remainder when 188 is divided by g?
60
Suppose -3*m + 8 = 4*k, 3*m - 33*k = -38*k + 10. Suppose -u + 4*j + 20 + 31 = m, 112 = 2*u - 3*j. What is the remainder when 210 is divided by u?
33
Let n be -1 - (1/(3/39) + -4). Let d be (-200)/n*84/(-10). What is the remainder when -128*(1/3 + 182/d) is divided by 17?
11
Let f(l) = -4*l**2 - 56*l + 3. Let m be f(-14). Suppose -m*r + 80 = 2*q, r + 8 = 5*q + 29. What is the remainder when 51 is divided by r?
25
Suppose -912 = 223*q - 217*q. Let k = q + 154. Calculate the remainder when k is divided by 1.
0
Suppose 60 = 8*t - 4*t. Calculate the remainder when 24 is divided by ((-180)/16)/t - (-46)/8.
4
Suppose 20 = -166*q + 170*q. Calculate the remainder when 63 is divided by 1/(q/(-550)*-5).
19
Calculate the remainder when 826 is divided by 12/(-78)*4615/(-10).
45
Let p be 5/10 - (-47)/(-2). Let c = -11 - p. Suppose -3*a + 29 = -67. Calculate the remainder when a is divided by c.
8
Suppose 8*q = -6*q - 812. Let d = q - -120. Calculate the remainder when d is divided by 21.
20
Let u be 12*2/32*4. What is the remainder when (-15)/(0 + u/(-37)) is divided by 49?
38
Let c = 316 - 317. Let s(z) = 16*z**2. Suppose 6*w = 2*w + 24. What is the remainder when s(c) is divided by w?
4
What is the remainder when 1/((-1)/2)*(-40436)/88 is divided by 103?
95
Suppose g + 11 = o, 187*o - 182*o = 4*g + 62. What is the remainder when 37 is divided by o?
1
Suppose 3*l = 5*w - 372, -47*l = 5*w - 43*l - 379. What is the remainder when 521 is divided by w?
71
Suppose 12*r + 49860 = 3*r + 27*r. What is the remainder when r is divided by 75?
70
Let g be 4 - (2/(-10))/((-2)/10). Suppose 4*n - b + 112 = 330, -n - g*b = -48. What is the remainder when n is divided by (38/(-8))/((-17)/68)?
16
Let c = 9569 + -7101. Calculate th